) = 3*m - 17. Let c(q) = 5*h(q) - 4*v(q). What is the units digit of c(n)?
4
Suppose -1 = -2*u + 7. Suppose u*q - 6 = -4*d + 42, -16 = -d + 3*q. What is the tens digit of d?
1
Suppose -4*o + 406 = -106. What is the tens digit of o?
2
Let a = -5 - -3. What is the units digit of ((-46)/4)/(1/a)?
3
Suppose 3*d - 15 = -0*d. Suppose -d*v - 4*i = -4, -5*v - i + 0*i = -1. Let y = v + 2. What is the units digit of y?
2
Suppose 0 = -2*w + 29 + 41. What is the units digit of w?
5
Suppose 4*l + 29 - 153 = 4*j, -3*j + 69 = 3*l. What is the units digit of l?
7
Suppose 24 + 12 = 4*p. What is the units digit of p?
9
Suppose 14*l = 3*l + 1914. What is the tens digit of l?
7
Let x be (1 + 4/(-3))*-6. Suppose 0 = -x*s + s - 2. What is the units digit of (3 + -2 - 4)*s?
6
Let c = -23 - -38. Let r = 48 - c. What is the units digit of (-6)/r - (-101)/11?
9
Suppose -9*h - 71 = -1259. What is the tens digit of h?
3
Suppose 0 = -3*t - 2*a - 14, 0*a + 13 = -3*t - a. Let d = 27 + t. What is the tens digit of d?
2
Suppose -30 = -5*o - 190. What is the units digit of ((-8)/o)/((-2)/(-184))?
3
Let j(i) = -26*i**2 - i - 2. Let n(c) = -26*c**2 - c - 3. Let d(u) = -3*j(u) + 2*n(u). What is the units digit of d(-1)?
5
Suppose 0 = -5*t + 121 + 14. What is the units digit of t?
7
Let d be 2/(6/75) - 2. Suppose -3*o = -d - 25. What is the tens digit of o?
1
Suppose q + 3 = 4*q. Let r = 11 - q. What is the units digit of r?
0
Suppose -4*t + 167 = -0*y + y, -2*y = 2. What is the tens digit of t?
4
Let u be -3*(-7)/(21/26). Suppose -d + 44 = u. What is the tens digit of d?
1
Suppose 2*h = -45 + 153. Suppose 7*v - 4*v = h. What is the tens digit of v?
1
Let o = 10 - -10. What is the units digit of o?
0
Let p(u) = 17*u - 3. Let j(g) = -34*g + 6. Let l(i) = 6*j(i) + 11*p(i). What is the units digit of l(-2)?
7
Let l(w) = 2*w + 4*w**2 - w**2 - w**3 - 3 + 1. What is the units digit of l(3)?
4
Let n(l) be the third derivative of l**6/120 - 2*l**5/15 - 7*l**4/24 + l**3/3 + 2*l**2. What is the units digit of n(9)?
0
Suppose 5*m + 15 = 10*m. Let w(a) = -a - 2. Let g be w(-7). Suppose 9 = -x + g*b, -m*x + 3*b + 0*b = -33. What is the units digit of x?
6
Let x(u) = u + 1. Let d be x(-1). Suppose d = -3*t + 18 + 3. What is the units digit of t?
7
Let q(m) = m**2 - 5*m - 6. Let j be q(7). Suppose n = 5*n - j. What is the units digit of n?
2
Suppose -32 = -4*o - 0*o. What is the units digit of o?
8
Let q(l) = l**2 - 2*l - 10. Let n be q(7). Suppose -x = n - 61. What is the tens digit of x?
3
Let m(h) = -15*h. What is the tens digit of m(-1)?
1
Let a(q) = q**3 - 10*q**2 - 8*q - 3. Let f be ((-6)/(-4))/((-6)/(-44)). Let j be a(f). Let z = -15 + j. What is the tens digit of z?
1
Suppose -n + 844 = 4*b + b, 4*b = 5*n - 4336. What is the tens digit of (0 - 1)/((-18)/n)?
4
Suppose 430 = 5*j + 5*g, 5*g - 369 + 21 = -4*j. What is the tens digit of j?
8
Let n = 35 - -18. What is the tens digit of n?
5
Let x be ((-11)/(-33))/(2/(-6)). Let y be (0 + -1)/(2/(-2)). Let d = y - x. What is the units digit of d?
2
Suppose 5*b - 15 = g, -3*b + 0*g - 2*g = 4. Let o = b + 7. What is the units digit of o?
9
Let v(z) = -10 - 5*z + 3 + z + 3*z. Let b be v(-7). Suppose 2*c = -b*c + 18. What is the units digit of c?
9
Suppose 0 = -5*o + 3*u + 127, 4*u + 9 + 91 = 4*o. What is the units digit of o?
6
Let u = -27 + 56. What is the tens digit of u?
2
Suppose -f + 25 = 4*f. Suppose f = -3*v + 2, -q + 5*v = -10. Suppose -3 = -j - m - 0*m, 49 = 3*j - q*m. What is the units digit of j?
8
Suppose j = -4*y + 32, 2*y - 16 = -0*y - 5*j. What is the units digit of y?
8
Let d = -13 - -44. Let v = -13 + d. What is the units digit of v?
8
Let z = 6 + -13. Let c = z + 9. What is the units digit of c?
2
Suppose -3*f = 12, -2*o + 4*f = -0*o - 8. Let p = -3 - o. What is the units digit of p?
1
What is the units digit of -1 - (-1)/(4/60)?
4
Let b(n) = -n + 5. Let c be (1 - 6/4)*-10. Suppose -c*x = d - 2*d + 4, -5*x + 4 = d. What is the units digit of b(d)?
1
Let b be 9/6 + (-25)/2. What is the tens digit of 9 + b - (1 - 48)?
4
Suppose 28 + 197 = 3*n. What is the tens digit of n?
7
Suppose 20 = -5*q, -2*d - 3*d + 5*q + 40 = 0. Suppose -95 + 7 = -d*f. What is the units digit of f?
2
Let c = -13 - -16. Suppose -2*a + c*g = -a - 12, -16 = -4*g. What is the tens digit of a?
2
Let s(x) = x**3 - 4*x**2 + 5*x - 2. What is the units digit of s(4)?
8
Let m(d) = 4 + 2*d - 4 - 3 - d. Let b be m(4). Suppose -y + 1 = -b. What is the units digit of y?
2
Let f be (-3)/(1 - (-3)/(-12)). Let d be (-8)/(-6)*(-6)/f. Suppose -d = -2*g + 6. What is the units digit of g?
4
Let h(r) = -9*r**3 + 2*r**2 - 1. Let t be h(1). What is the units digit of t/(-5) + 6/(-10)?
1
Suppose -8 = -2*q - 2*q. Let i be (6/(-1))/(4 - q). What is the units digit of (i - -4) + (-19)/(-1)?
0
Suppose 7*p + 4 = 3*t + 2*p, 2*t + 5*p = 11. Suppose 14 = t*o - o. Suppose -b + 2*b = o. What is the units digit of b?
7
Suppose 357 = 3*h - 282. What is the tens digit of h?
1
Suppose -f - 65 = -2*f. What is the units digit of f?
5
Suppose 3*l = -2*l. Let y be 2 + 15 + 1 - l. Suppose -3*d = -5*d + 2*s + y, 4*s = -5*d + 9. What is the units digit of d?
5
Suppose -46*b = -33*b - 702. What is the tens digit of b?
5
Suppose j = -3*k + 11, 7*k - 3*k - 28 = -4*j. What is the units digit of -6 + j + -1 + 3?
1
Suppose -87 = v - 2*v. Suppose 35 = -4*p + v. What is the tens digit of p?
1
Suppose -5*y + 27 = -3*m, m = 4*m + 12. Suppose -29 = -x + y. What is the units digit of x?
2
Let f(u) = 5*u - 5*u + 9*u**2. Let s be f(-1). Suppose 3*y = -a + 15, -5*a - 4*y + s*y = -75. What is the units digit of a?
5
What is the units digit of 1/5 + (-448)/(-10)?
5
Suppose 2*l - 2 = -8. What is the units digit of 12/(-7)*(l + -4)?
2
Let q(x) = x**3 - 5*x**2 + x - 2. Let d = 3 + -2. Let v(s) = -s**2 + s + 1. Let h(c) = d*v(c) - q(c). What is the units digit of h(4)?
3
Let v(h) = h + 2. Let f be v(2). Suppose -3*b - z - z = -18, 0 = -f*b - 3*z + 25. What is the units digit of (-1)/b*(-60 + -8)?
7
Suppose -6 = -5*n + 24. Let g = n + -2. What is the units digit of g?
4
Let f(o) = o**2 + 4*o + 1. Let c be f(-4). What is the tens digit of c/3 - 1340/(-30)?
4
Suppose 13 = i - 5*h, h + 7 - 14 = -i. Let t = 0 + i. What is the units digit of t?
8
Let m = 127 - 55. What is the units digit of m?
2
Let w(q) = 2*q + 12. Let l be w(-6). What is the tens digit of 1/(-1 - l) + 36?
3
Let r = 16 - 14. Suppose 21 = r*v - 29. What is the units digit of v?
5
Let k(c) = -c**3 - c**2 + 9*c - 3. What is the tens digit of k(-5)?
5
Let b(q) = -2 + 2*q - 2*q**3 - 5*q + 0*q. Let k be b(-2). Suppose -3*x + k = -x. What is the units digit of x?
0
Suppose 0 = -8*z + 79 + 81. What is the units digit of z?
0
Let n(r) = -r**3 + 2*r - 11. Let z be n(0). Let x = 11 + -26. Let y = z - x. What is the units digit of y?
4
Let y(x) be the third derivative of x**6/120 + 7*x**5/60 + 5*x**4/24 + 5*x**3/6 + 3*x**2. What is the units digit of y(-6)?
1
Let f(b) = 4*b**3 - 2*b**2 + 2*b - 1. Let t be f(2). Let j = -7 + t. What is the tens digit of j?
2
Let h be ((-10)/(-4))/5*96. Suppose 0*a + 4*j - 48 = -4*a, 0 = 4*a - 5*j - h. What is the tens digit of a?
1
Suppose -2*b + i + 746 = b, 4*b + 5*i - 1020 = 0. What is the units digit of b?
0
Let b = -1 + -1. What is the units digit of 13/3 + b/6?
4
What is the tens digit of -7 + 3 + 22 + -2?
1
Let n be (16/(-4))/((-2)/6). Suppose 2*b + n = 4*b. Suppose f - 3*f = o - 6, 0 = -2*f + 4*o + b. What is the units digit of f?
3
Suppose -4*w = -5 - 7. Suppose -3*x = 0, w*r - 3*x + 43 = 145. What is the units digit of r?
4
What is the tens digit of (-2)/(-7) + 1180/35?
3
Let c be ((-2)/(-1) + 0)*-1. What is the units digit of (0 + c)/((-2)/4)?
4
Suppose 5*a - 27 = 6*i - 3*i, -i = 4. Let y = 1 - -3. Suppose -a*w - y = -7*w. What is the units digit of w?
1
Suppose -d - 3*l + 18 + 64 = 0, -2*d + 174 = -4*l. What is the tens digit of d?
8
Suppose -2*m + 2*b = -b - 53, 29 = 2*m + 5*b. What is the units digit of m?
2
Suppose 69 = -3*u + 204. Let o = -23 + u. What is the units digit of o?
2
What is the tens digit of 80 + (1 - 11)*(-4)/(-10)?
7
What is the tens digit of 14/(((-2)/(-7))/1)?
4
Suppose 0 = 8*i - 76 - 436. What is the tens digit of i?
6
Suppose 0 = p - 0 + 6. Let w = 5 - p. What is the tens digit of w?
1
Let v(o) = -o**3 